-12
Let h(u) = -116*u**2 - 8353*u - 167. Calculate h(-72).
-95
Let z(j) = -406*j**2 + 1621*j - 1. Determine z(4).
-13
Let d(v) = 93*v**2 - 78*v + 153. What is d(2)?
369
Let p(f) = -f**3 - 42*f**2 - 41*f - 162. Calculate p(-41).
-162
Let b(h) = -2961*h + 35536. Give b(12).
4
Let v(o) = -19*o - 138. What is v(-10)?
52
Let y(w) = -3*w**2 - 105*w + 145. Give y(-36).
37
Let x(u) = u**2 + 38*u + 185. Determine x(-31).
-32
Let j(w) = -w**3 + 55*w**2 + 168*w - 109. Calculate j(58).
-457
Let v(j) = 373*j + 2566. Calculate v(-7).
-45
Let d(b) = -b**2 + 39*b - 34. Calculate d(13).
304
Let b(s) = -2*s**3 - 128*s**2 + 27*s + 1722. What is b(-64)?
-6
Let h(d) = -2*d**3 - 29*d**2 - 32*d + 21. Determine h(-10).
-559
Let k(q) = -q**3 - 7*q**2 - 14*q + 3. Give k(-3).
9
Let x(r) = r**2 + 933*r + 7401. Calculate x(-8).
1
Let t(p) = 5*p**3 + 2*p**2 - 22*p + 27. Calculate t(2).
31
Let i(f) = 338*f**3 + 2*f**2 - f - 1. Calculate i(1).
338
Let g(n) = -n**3 + 22*n**2 - 81*n - 47. What is g(17)?
21
Let x(j) = -j**3 - 6*j**2 - 5*j - 25. What is x(-9)?
263
Let p(b) = b**3 - 47*b**2 + 86*b + 189. Determine p(45).
9
Let k(j) = -j**2 - 929*j - 12796. Calculate k(-14).
14
Let g(y) = -2*y**2 + 166*y + 5367. Give g(-25).
-33
Let v(i) = -i**3 - 3*i**2 + 60*i + 216. Calculate v(-4).
-8
Let h(z) = -z**3 + 14*z**2 - 144*z + 1702. What is h(13)?
-1
Let l(d) = -d**2 - 43*d + 39. Determine l(-37).
261
Let g(v) = -13*v + 747. What is g(60)?
-33
Let w(n) = -489*n + 975. Determine w(2).
-3
Let t(z) = -z**2 + 5*z + 25. Determine t(11).
-41
Let s(x) = x**2 + 6*x - 250. Calculate s(-20).
30
Let q(j) = 347*j + 1072. Give q(-3).
31
Let v(y) = 1183*y + 15371. Give v(-13).
-8
Let c(m) = 197*m**2 - 57*m - 58. What is c(-1)?
196
Let p(m) = -m**3 + 12*m**2 + 2668*m - 2. What is p(58)?
-2
Let q(r) = r**3 - 3*r**2 + 384*r + 9. Give q(0).
9
Let n(u) = -319*u - 1916. Give n(-6).
-2
Let v(p) = 2*p**2 - 7*p - 4. Give v(-8).
180
Let w(u) = u**2 + 403*u + 22492. Determine w(-336).
-20
Let b(t) = t**3 + 12*t + 90. What is b(0)?
90
Let r(i) = -i**3 + 30*i**2 - 9*i + 125. What is r(30)?
-145
Let j(m) = 7*m**3 - 4*m**2 + 17*m - 9. Determine j(1).
11
Let d(c) = -996*c - 3991. What is d(-4)?
-7
Let j(n) = 2*n**2 - 15*n - 3. Determine j(8).
5
Let s(x) = x**3 + 77*x**2 + 221*x - 71. What is s(-74)?
3
Let t(h) = 594*h - 2101. Calculate t(4).
275
Let o(c) = -42*c + 7169. Calculate o(171).
-13
Let v(l) = 2*l**2 + 22*l + 257. What is v(0)?
257
Let d(l) = 90*l - 1707. What is d(19)?
3
Let j(h) = -3*h**2 + 109*h + 109. What is j(-1)?
-3
Let t(x) = 2*x**3 + 24*x**2 + 3*x + 33. Calculate t(-12).
-3
Let y(m) = -101*m + 6564. What is y(65)?
-1
Let i(t) = 2*t**2 - 286*t + 845. Calculate i(3).
5
Let t(d) = -2*d**2 + 131*d + 152. Give t(67).
-49
Let l(p) = -p**3 + 24*p**2 - 5*p + 750. Determine l(25).
0
Let f(d) = -9*d - 214. What is f(-23)?
-7
Let z(p) = -64*p + 3247. Determine z(51).
-17
Let r(f) = f**2 - f - 11. What is r(9)?
61
Let d(a) = 15*a + 473. What is d(-12)?
293
Let b(t) = 747*t - 58992. Determine b(79).
21
Let x(b) = -2*b**2 - 115*b - 228. Give x(-55).
47
Let w(y) = -478*y - 2709. Determine w(-6).
159
Let u(t) = -114*t - 1028. Determine u(-9).
-2
Let b(f) = 6*f**2 + 44*f + 129. Calculate b(-3).
51
Let u(q) = -10*q - 33. Give u(-3).
-3
Let y(t) = t**2 - 50*t + 65. Give y(49).
16
Let l(m) = -33*m**2 - 1054*m + 73. Give l(-32).
9
Let a(i) = 21*i**2 - 399*i + 706. Give a(17).
-8
Let x(r) = r**2 + 243*r - 1735. Determine x(7).
15
Let z(i) = -i**3 + 60*i**2 + 84*i - 1416. Calculate z(61).
-13
Let j(n) = -4*n + 118. Determine j(21).
34
Let p(o) = -o**3 - 131*o**2 + 543*o + 408. Determine p(-135).
3
Let n(s) = -s**3 + 22*s**2 + 47*s - 8. Give n(24).
-32
Let q(v) = -v**3 - 5*v**2 - 5*v - 87. Determine q(-7).
46
Let y(r) = -1983*r + 19833. Calculate y(10).
3
Let c(g) = -g**2 + 7*g + 176. Calculate c(-21).
-412
Let l(d) = 8902*d - 106826. Give l(12).
-2
Let j(r) = 19*r - 828. Give j(43).
-11
Let r(c) = 26*c + 433. Determine r(-14).
69
Let m(u) = u**2 - 144*u - 8276. Determine m(-44).
-4
Let q(w) = 7*w**2 + 11*w - 81. Determine q(6).
237
Let h(m) = 125*m - 869. Give h(7).
6
Let u(y) = y**3 + 21*y**2 + 51*y + 2. What is u(-18)?
56
Let s(b) = 3*b**2 + 257*b - 1088. Calculate s(4).
-12
Let k(d) = -d**2 + 16*d - 23. What is k(19)?
-80
Let d(s) = -s**2 - 26*s + 373. Determine d(10).
13
Let l(x) = 97*x - 4662. Determine l(48).
-6
Let r(u) = 5*u**3 - 49*u**2 - 6*u - 26. Give r(11).
634
Let k(n) = -130*n - 479. Determine k(-4).
41
Let a(i) = i**3 - 7*i**2 + i - 60. Give a(7).
-53
Let i(k) = -10*k**2 - 229*k + 1038. Give i(4).
-38
Let b(g) = -g**3 + 30*g**2 - 227*g + 44. Calculate b(16).
-4
Let v(q) = -q**3 - 5*q**2 - 9*q - 37. Determine v(-5).
8
Let x(v) = -516*v + 7228. Determine x(14).
4
Let w(b) = 130*b + 11032. Determine w(-85).
-18
Let t(g) = -11*g + 126. Give t(12).
-6
Let n(u) = 38*u**3 + 14*u**2 + 16*u + 1. Give n(-1).
-39
Let p(n) = -n**3 - 29*n**2 - 72*n + 63. Give p(-23).
-1455
Let k(n) = -2*n**3 - 24*n**2 + 25*n + 2. What is k(-13)?
15
Let s(y) = 2*y**3 - 101*y**2 + 144*y + 169. Calculate s(49).
22
Let c(v) = v**2 - 34*v - 31. What is c(0)?
-31
Let q(w) = 2*w**3 + 23*w**2 + 44*w + 308. Give q(-10).
168
Let i(b) = -2*b**3 + 5*b**2 + 8*b - 71. Determine i(4).
-87
Let w(k) = 4641*k + 13920. What is w(-3)?
-3
Let s(l) = -1991*l + 27880. Determine s(14).
6
Let r(a) = 1653*a - 1690. Give r(1).
-37
Let u(i) = -2*i**3 - 31*i**2 - 83*i - 1581. Calculate u(-16).
3
Let c(n) = -n**2 - 7*n + 356. Give c(-23).
-12
Let a(g) = 4*g**3 + 489*g**2 + 1549*g + 233. Give a(-119).
-5
Let b(z) = 8*z**3 + 31*z**2 - 5*z + 7. Give b(-4).
11
Let j(p) = p**2 - 24*p - 142. Give j(30).
38
Let f(u) = -6*u**2 + 3*u + 98. Determine f(0).
98
Let p(m) = m**2 - 5*m - 199. Give p(-12).
5
Let v(u) = 6*u - 178. Calculate v(27).
-16
Let s(l) = l**2 - 15*l - 835. What is s(-28)?
369
Let j(t) = -t**3 + 6*t**2 + 24*t - 136. Determine j(4).
-8
Let t(b) = -b**2 - 17*b - 343. What is t(-32)?
-823
Let t(n) = -38*n + 1276. Determine t(28).
212
Let j(m) = 3*m**2 - 229*m + 877. Determine j(4).
9
Let u(x) = 773*x + 28580. Give u(-37).
-21
Let w(z) = -539*z + 4327. Determine w(8).
15
Let s(j) = -j**3 - 30*j**2 + 139*j + 94. Calculate s(-34).
-8
Let v(w) = w**2 - 162*w - 2846. Calculate v(178).
2
Let p(u) = u**2 + 69*u + 142. Give p(-3).
-56
Let p(t) = 177*t - 21767. Calculate p(123).
4
Let f(q) = 5*q**2 - 47*q - 30. Calculate f(10).
0
Let o(u) = -35*u + 1737. Determine o(50).
-13
Let d(r) = 226*r + 7908. What is d(-35)?
-2
Let c(i) = 57*i - 1917. Determine c(34).
21
Let u(n) = 4*n**2 + 971*n - 9057. What is u(9)?
6
Let g(d) = 3*d**3 + 7*d**2 - 3*d - 4. What is g(-3)?
-13
Let p(j) = -93*j**2 + 26*j + 46. Determine p(-2).
-378
Let o(y) = 4*y**2 + 796*y + 1. Calculate o(-199).
1
Let m(z) = -2*z**2 + 230*z + 1183. Determine m(-5).
-17
Let q(n) = -n**3 - 5*n**2 + 7*n - 13. Give q(-7).
36
Let d(s) = 129*s - 9. Calculate d(-1).
-138
Let i(d) = -d**3 + 21*d**2 + 33*d + 258. Give i(23).
-41
Let z(s) = -s**3 + 9*s**2 - 47*s + 321. What is z(6)?
147
Let d(q) = -q**3 - 35*q**2 + 44*q + 11. What is d(-36)?
-277
Let a(j) = 53*j + 677. Give a(-11).
94
Let a(i) = 49*i - 7492. What is a(153)?
5
Let x(y) = y**3 + 43*y**2 + 389*y - 32. Calculate x(-30).
-2
Let w(b) = 12190*b + 12211. What is w(-1)?
21
Let n(b) = -b**2 - 20*b - 79. Determine n(-13).
12
Let j(k) = -268*k + 4569. Determine j(17).
13
Let z(n) = -154*n**3 - 4*n**2 + 2*n. Calculate z(1).
-156
Let k(r) = -120*r + 488. Calculate k(4).
8
Let i(j) = 1830*j + 146406. Give i(-80).
6
Let t(v) = -8*v**2 + 87*v + 5. What is t(11)?
-6
Let t(q) = -7*q**2 + 134*q - 12. Determine t(19).
7
Let u(l) = -15*l**3 + 2*l**2 - 268*l - 269. What is u(-1)?
16
Let w(b) = -66*b**2 - 13*b + 31. Give w(2).
-259
Let p(m) = m**2 - 17*m + 45. Give p(6).
-21
Let t(h) = -2*h**2 - 104*h - 488. Give t(-5).
-18
Let s(t) = 2*t**3 - 10*t**2 - 10*t + 13. What is s(5)?
-37
Let h(c) = -c**3 + 7*c**2 + 46*c - 222. What is h(4)?
10
Let g(s) = 35*s**3 - 3*s**2 - s - 1. Give g(-1).
-38
Let t(q) = -74*q**3 + q**2 + 19*q + 18. Determine t(-1).
74
Let n(a) = 53*a + 14. Determine n(-3).
-145
Let x(v) = 73*v + 1537. What is x(-21)?
4
Let z(l) = -l**3 - 6*l**2 - 7*l - 14. Give z(-5).
-4
Let j(g) = -g**3 + 50*g**2 + 23*g - 1257. Calculate j(50).
-107
Let x(i) = -i**3 + 16*i*